[INFO] cloning repository https://github.com/Carter12s/roslibrust
[INFO] running `Command { std: "git" "-c" "credential.helper=" "-c" "credential.helper=/workspace/cargo-home/bin/git-credential-null" "clone" "--bare" "https://github.com/Carter12s/roslibrust" "/workspace/cache/git-repos/https%3A%2F%2Fgithub.com%2FCarter12s%2Froslibrust", kill_on_drop: false }`
[INFO] [stderr] Cloning into bare repository '/workspace/cache/git-repos/https%3A%2F%2Fgithub.com%2FCarter12s%2Froslibrust'...
[INFO] running `Command { std: "git" "rev-parse" "HEAD", kill_on_drop: false }`
[INFO] [stdout] e907e3e8319ce20082cb06ef28de333c7e726ed4
[INFO] checking Carter12s/roslibrust against master#9610dfe5a9a731ced1ea4923ecbd0c57fe367898 for beta-170-4
[INFO] running `Command { std: "git" "clone" "/workspace/cache/git-repos/https%3A%2F%2Fgithub.com%2FCarter12s%2Froslibrust" "/workspace/builds/worker-4-tc1/source", kill_on_drop: false }`
[INFO] [stderr] Cloning into '/workspace/builds/worker-4-tc1/source'...
[INFO] [stderr] done.
[INFO] validating manifest of git repo https://github.com/Carter12s/roslibrust on toolchain 9610dfe5a9a731ced1ea4923ecbd0c57fe367898
[INFO] running `Command { std: CARGO_HOME="/workspace/cargo-home" RUSTUP_HOME="/workspace/rustup-home" "/workspace/cargo-home/bin/cargo" "+9610dfe5a9a731ced1ea4923ecbd0c57fe367898" "metadata" "--manifest-path" "Cargo.toml" "--no-deps", kill_on_drop: false }`
[INFO] started tweaking git repo https://github.com/Carter12s/roslibrust
[INFO] finished tweaking git repo https://github.com/Carter12s/roslibrust
[INFO] tweaked toml for git repo https://github.com/Carter12s/roslibrust written to /workspace/builds/worker-4-tc1/source/Cargo.toml
[INFO] crate git repo https://github.com/Carter12s/roslibrust already has a lockfile, it will not be regenerated
[INFO] running `Command { std: CARGO_HOME="/workspace/cargo-home" RUSTUP_HOME="/workspace/rustup-home" "/workspace/cargo-home/bin/cargo" "+9610dfe5a9a731ced1ea4923ecbd0c57fe367898" "fetch" "--manifest-path" "Cargo.toml", kill_on_drop: false }`
[INFO] [stderr]     Updating crates.io index
[INFO] [stderr]     Updating git repository `https://github.com/belak/serde-xmlrpc.git`
[INFO] [stderr]  Downloading crates ...
[INFO] [stderr]   Downloaded quick-xml v0.28.2
[INFO] [stderr]   Downloaded tokio-macros v2.1.0
[INFO] [stderr]   Downloaded anstyle-wincon v1.0.1
[INFO] [stderr]   Downloaded iso8601 v0.6.1
[INFO] [stderr]   Downloaded const_format_proc_macros v0.2.29
[INFO] [stderr]   Downloaded anstream v0.3.1
[INFO] [stderr]   Downloaded diffy v0.3.0
[INFO] [stderr]   Downloaded deadqueue v0.2.4
[INFO] [stderr]   Downloaded tokio-tungstenite v0.17.2
[INFO] [stderr]   Downloaded tungstenite v0.17.3
[INFO] [stderr]   Downloaded const_format v0.2.30
[INFO] [stderr]   Downloaded uuid v1.3.1
[INFO] [stderr]   Downloaded tracing v0.1.38
[INFO] [stderr]   Downloaded simple_logger v2.3.0
[INFO] [stderr]   Downloaded sha-1 v0.10.1
[INFO] [stderr]   Downloaded gethostname v0.4.2
[INFO] [stderr]   Downloaded digest v0.10.6
[INFO] [stderr]   Downloaded serde-transcode v1.1.1
[INFO] [stderr] warning: spurious network error (3 tries remaining): [28] Timeout was reached (failed to download any data for `minijinja v0.30.7` within 30s)
[INFO] [stderr]   Downloaded minijinja v0.30.7
[INFO] running `Command { std: "docker" "create" "-v" "/var/lib/crater-agent-workspace/builds/worker-4-tc1/target:/opt/rustwide/target:rw,Z" "-v" "/var/lib/crater-agent-workspace/builds/worker-4-tc1/source:/opt/rustwide/workdir:ro,Z" "-v" "/var/lib/crater-agent-workspace/cargo-home:/opt/rustwide/cargo-home:ro,Z" "-v" "/var/lib/crater-agent-workspace/rustup-home:/opt/rustwide/rustup-home:ro,Z" "-e" "SOURCE_DIR=/opt/rustwide/workdir" "-e" "CARGO_TARGET_DIR=/opt/rustwide/target" "-e" "CARGO_HOME=/opt/rustwide/cargo-home" "-e" "RUSTUP_HOME=/opt/rustwide/rustup-home" "-w" "/opt/rustwide/workdir" "-m" "1610612736" "--user" "0:0" "--network" "none" "ghcr.io/rust-lang/crates-build-env/linux@sha256:19e73879b68f455e41552ea35293514db52ea292d993f571636dbffedb77a1ee" "/opt/rustwide/cargo-home/bin/cargo" "+9610dfe5a9a731ced1ea4923ecbd0c57fe367898" "metadata" "--no-deps" "--format-version=1", kill_on_drop: false }`
[INFO] [stdout] 4d7c4b45f17358e37175e3331584b8093009d6334df62661aa32202323b74d15
[INFO] running `Command { std: "docker" "start" "-a" "4d7c4b45f17358e37175e3331584b8093009d6334df62661aa32202323b74d15", kill_on_drop: false }`
[INFO] running `Command { std: "docker" "inspect" "4d7c4b45f17358e37175e3331584b8093009d6334df62661aa32202323b74d15", kill_on_drop: false }`
[INFO] running `Command { std: "docker" "rm" "-f" "4d7c4b45f17358e37175e3331584b8093009d6334df62661aa32202323b74d15", kill_on_drop: false }`
[INFO] [stdout] 4d7c4b45f17358e37175e3331584b8093009d6334df62661aa32202323b74d15
[INFO] running `Command { std: "docker" "create" "-v" "/var/lib/crater-agent-workspace/builds/worker-4-tc1/target:/opt/rustwide/target:rw,Z" "-v" "/var/lib/crater-agent-workspace/builds/worker-4-tc1/source:/opt/rustwide/workdir:ro,Z" "-v" "/var/lib/crater-agent-workspace/cargo-home:/opt/rustwide/cargo-home:ro,Z" "-v" "/var/lib/crater-agent-workspace/rustup-home:/opt/rustwide/rustup-home:ro,Z" "-e" "SOURCE_DIR=/opt/rustwide/workdir" "-e" "CARGO_TARGET_DIR=/opt/rustwide/target" "-e" "CARGO_INCREMENTAL=0" "-e" "RUST_BACKTRACE=full" "-e" "RUSTFLAGS=--cap-lints=forbid" "-e" "RUSTDOCFLAGS=--cap-lints=forbid" "-e" "CARGO_HOME=/opt/rustwide/cargo-home" "-e" "RUSTUP_HOME=/opt/rustwide/rustup-home" "-w" "/opt/rustwide/workdir" "-m" "1610612736" "--user" "0:0" "--network" "none" "ghcr.io/rust-lang/crates-build-env/linux@sha256:19e73879b68f455e41552ea35293514db52ea292d993f571636dbffedb77a1ee" "/opt/rustwide/cargo-home/bin/cargo" "+9610dfe5a9a731ced1ea4923ecbd0c57fe367898" "check" "--frozen" "--all" "--all-targets" "--message-format=json", kill_on_drop: false }`
[INFO] [stdout] dd4560fdf22081bdf420339222d4c76a6c49cc09a7923cbd661ac1d726fa152d
[INFO] running `Command { std: "docker" "start" "-a" "dd4560fdf22081bdf420339222d4c76a6c49cc09a7923cbd661ac1d726fa152d", kill_on_drop: false }`
[INFO] [stderr]     Blocking waiting for file lock on package cache
[INFO] [stderr]     Blocking waiting for file lock on package cache
[INFO] [stderr]    Compiling serde_derive v1.0.160
[INFO] [stderr]    Compiling serde v1.0.160
[INFO] [stderr]     Checking itoa v1.0.6
[INFO] [stderr]    Compiling syn v1.0.109
[INFO] [stderr]    Compiling serde_json v1.0.96
[INFO] [stderr]     Checking bytes v1.4.0
[INFO] [stderr]     Checking unicode-ident v1.0.8
[INFO] [stderr]    Compiling proc-macro2 v1.0.56
[INFO] [stderr]    Compiling quote v1.0.26
[INFO] [stderr]    Compiling tokio v1.28.0
[INFO] [stderr]     Checking ryu v1.0.13
[INFO] [stderr]     Checking num_cpus v1.15.0
[INFO] [stderr]     Checking signal-hook-registry v1.4.1
[INFO] [stderr]     Checking mio v0.8.6
[INFO] [stderr]     Checking walkdir v2.3.3
[INFO] [stderr]     Checking md5 v0.7.0
[INFO] [stderr]    Compiling typenum v1.16.0
[INFO] [stderr]     Checking xml-rs v0.8.4
[INFO] [stderr]    Compiling generic-array v0.14.7
[INFO] [stderr]    Compiling libc v0.2.142
[INFO] [stderr]    Compiling futures-core v0.3.28
[INFO] [stderr]     Checking getrandom v0.2.9
[INFO] [stderr]     Checking once_cell v1.17.1
[INFO] [stderr]    Compiling futures-channel v0.3.28
[INFO] [stderr]    Compiling futures-task v0.3.28
[INFO] [stderr]     Checking futures-sink v0.3.28
[INFO] [stderr]    Compiling futures-util v0.3.28
[INFO] [stderr]    Compiling log v0.4.17
[INFO] [stderr]     Checking rand_core v0.6.4
[INFO] [stderr]     Checking futures-io v0.3.28
[INFO] [stderr]    Compiling crossbeam-utils v0.8.15
[INFO] [stderr]    Compiling pin-project-lite v0.2.9
[INFO] [stderr]     Checking cpufeatures v0.2.7
[INFO] [stderr]    Compiling rustix v0.37.14
[INFO] [stderr]    Compiling same-file v1.0.6
[INFO] [stderr]     Checking rand_chacha v0.3.1
[INFO] [stderr]    Compiling syn v2.0.15
[INFO] [stderr]     Checking http v0.2.9
[INFO] [stderr]    Compiling anyhow v1.0.70
[INFO] [stderr]     Checking rand v0.8.5
[INFO] [stderr]     Checking utf-8 v0.7.6
[INFO] [stderr]     Checking linux-raw-sys v0.3.4
[INFO] [stderr]     Checking dashmap v5.4.0
[INFO] [stderr]     Checking uuid v1.3.1
[INFO] [stderr]    Compiling time-core v0.1.0
[INFO] [stderr]     Checking atty v0.2.14
[INFO] [stderr]    Compiling time-macros v0.2.8
[INFO] [stderr]     Checking utf8parse v0.2.1
[INFO] [stderr]     Checking colored v2.0.0
[INFO] [stderr]     Checking anstyle v1.0.0
[INFO] [stderr]     Checking crossbeam-queue v0.3.8
[INFO] [stderr]     Checking anstyle-parse v0.2.0
[INFO] [stderr]     Checking anstyle-query v1.0.0
[INFO] [stderr]     Checking colorchoice v1.0.0
[INFO] [stderr]     Checking clap_lex v0.4.1
[INFO] [stderr]    Compiling heck v0.4.1
[INFO] [stderr]     Checking overload v0.1.1
[INFO] [stderr]     Checking either v1.8.1
[INFO] [stderr]    Compiling unicode-xid v0.2.4
[INFO] [stderr]     Checking nu-ansi-term v0.46.0
[INFO] [stderr]    Compiling const_format_proc_macros v0.2.29
[INFO] [stderr]     Checking itertools v0.10.5
[INFO] [stderr]     Checking diffy v0.3.0
[INFO] [stderr]    Compiling socket2 v0.4.9
[INFO] [stderr]     Checking block-buffer v0.10.4
[INFO] [stderr]     Checking crypto-common v0.1.6
[INFO] [stderr]     Checking digest v0.10.6
[INFO] [stderr]     Checking sha-1 v0.10.1
[INFO] [stderr]     Checking time v0.3.20
[INFO] [stderr]     Checking const_format v0.2.30
[INFO] [stderr]     Checking is-terminal v0.4.7
[INFO] [stderr]     Checking env_logger v0.10.0
[INFO] [stderr]     Checking anstream v0.3.1
[INFO] [stderr]     Checking clap_builder v4.2.4
[INFO] [stderr]     Checking simple_logger v2.3.0
[INFO] [stderr]    Compiling smart-default v0.6.0
[INFO] [stderr]    Compiling tokio-macros v2.1.0
[INFO] [stderr]    Compiling futures-macro v0.3.28
[INFO] [stderr]    Compiling thiserror-impl v1.0.40
[INFO] [stderr]    Compiling async-trait v0.1.68
[INFO] [stderr]    Compiling clap_derive v4.2.0
[INFO] [stderr]     Checking thiserror v1.0.40
[INFO] [stderr]     Checking tungstenite v0.17.3
[INFO] [stderr]     Checking clap v4.2.4
[INFO] [stderr]     Checking futures-executor v0.3.28
[INFO] [stderr]     Checking futures v0.3.28
[INFO] [stderr]     Checking tokio-tungstenite v0.17.2
[INFO] [stderr]     Checking deadqueue v0.2.4
[INFO] [stderr]     Checking minijinja v0.30.7
[INFO] [stderr]     Checking roslibrust_codegen v0.7.0 (/opt/rustwide/workdir/roslibrust_codegen)
[INFO] [stderr]     Checking roslibrust_codegen_macro v0.7.0 (/opt/rustwide/workdir/roslibrust_codegen_macro)
[INFO] [stderr]     Checking roslibrust_genmsg v0.1.0 (/opt/rustwide/workdir/roslibrust_genmsg)
[INFO] [stderr]     Checking roslibrust v0.7.0 (/opt/rustwide/workdir/roslibrust)
[INFO] [stdout] warning: field `known_publishers` is never read
[INFO] [stdout]    --> roslibrust/src/rosbridge/mod.rs:142:16
[INFO] [stdout]     |
[INFO] [stdout] 130 | pub(crate) struct Subscription {
[INFO] [stdout]     |                   ------------ field in this struct
[INFO] [stdout] ...
[INFO] [stdout] 142 |     pub(crate) known_publishers: Vec<String>,
[INFO] [stdout]     |                ^^^^^^^^^^^^^^^^
[INFO] [stdout]     |
[INFO] [stdout]     = note: `#[warn(dead_code)]` on by default
[INFO] [stdout] 
[INFO] [stdout] 
[INFO] [stdout] warning: field `topic_type` is never read
[INFO] [stdout]    --> roslibrust/src/rosbridge/mod.rs:147:16
[INFO] [stdout]     |
[INFO] [stdout] 146 | pub(crate) struct PublisherHandle {
[INFO] [stdout]     |                   --------------- field in this struct
[INFO] [stdout] 147 |     pub(crate) topic_type: String,
[INFO] [stdout]     |                ^^^^^^^^^^
[INFO] [stdout] 
[INFO] [stdout] 
[INFO] [stdout] warning: field `known_publishers` is never read
[INFO] [stdout]    --> roslibrust/src/rosbridge/mod.rs:142:16
[INFO] [stdout]     |
[INFO] [stdout] 130 | pub(crate) struct Subscription {
[INFO] [stdout]     |                   ------------ field in this struct
[INFO] [stdout] ...
[INFO] [stdout] 142 |     pub(crate) known_publishers: Vec<String>,
[INFO] [stdout]     |                ^^^^^^^^^^^^^^^^
[INFO] [stdout]     |
[INFO] [stdout]     = note: `#[warn(dead_code)]` on by default
[INFO] [stdout] 
[INFO] [stdout] 
[INFO] [stdout] warning: field `topic_type` is never read
[INFO] [stdout]    --> roslibrust/src/rosbridge/mod.rs:147:16
[INFO] [stdout]     |
[INFO] [stdout] 146 | pub(crate) struct PublisherHandle {
[INFO] [stdout]     |                   --------------- field in this struct
[INFO] [stdout] 147 |     pub(crate) topic_type: String,
[INFO] [stdout]     |                ^^^^^^^^^^
[INFO] [stdout] 
[INFO] [stdout] 
[INFO] [stdout] warning: 2 warnings emitted
[INFO] [stdout] 
[INFO] [stdout] 
[INFO] [stdout] warning: 2 warnings emitted
[INFO] [stdout] 
[INFO] [stdout] 
[INFO] [stderr]     Checking roslibrust_test v0.1.0 (/opt/rustwide/workdir/roslibrust_test)
[INFO] [stdout] error[E0433]: failed to resolve: use of undeclared crate or module `std_msgs`
[INFO] [stdout]   --> roslibrust/examples/basic_publisher.rs:22:19
[INFO] [stdout]    |
[INFO] [stdout] 22 |         let msg = std_msgs::Header::default();
[INFO] [stdout]    |                   ^^^^^^^^ use of undeclared crate or module `std_msgs`
[INFO] [stdout] 
[INFO] [stdout] 
[INFO] [stdout] error[E0433]: failed to resolve: could not find `std_msgs` in `ros1`
[INFO] [stdout]   --> roslibrust/examples/ros1_ros2_bridge_example.rs:72:28
[INFO] [stdout]    |
[INFO] [stdout] 72 |         .subscribe::<ros1::std_msgs::Header>("/bridge_header")
[INFO] [stdout]    |                            ^^^^^^^^ could not find `std_msgs` in `ros1`
[INFO] [stdout] 
[INFO] [stdout] 
[INFO] [stdout] error[E0433]: failed to resolve: could not find `std_msgs` in `ros2`
[INFO] [stdout]   --> roslibrust/examples/ros1_ros2_bridge_example.rs:90:43
[INFO] [stdout]    |
[INFO] [stdout] 90 |                 let converted_msg = ros2::std_msgs::Header {
[INFO] [stdout]    |                                           ^^^^^^^^ could not find `std_msgs` in `ros2`
[INFO] [stdout] 
[INFO] [stdout] 
[INFO] [stdout] error[E0433]: failed to resolve: use of undeclared crate or module `std_msgs`
[INFO] [stdout]   --> roslibrust/examples/basic_publisher.rs:19:40
[INFO] [stdout]    |
[INFO] [stdout] 19 |     let publisher = client.advertise::<std_msgs::Header>("talker").await?;
[INFO] [stdout]    |                                        ^^^^^^^^ use of undeclared crate or module `std_msgs`
[INFO] [stdout] 
[INFO] [stdout] 
[INFO] [stdout] error: aborting due to 2 previous errors
[INFO] [stdout] 
[INFO] [stdout] 
[INFO] [stdout] For more information about this error, try `rustc --explain E0433`.
[INFO] [stdout] 
[INFO] [stderr] error: could not compile `roslibrust` (example "basic_publisher") due to 3 previous errors
[INFO] [stderr] warning: build failed, waiting for other jobs to finish...
[INFO] [stdout] error: aborting due to 2 previous errors
[INFO] [stdout] 
[INFO] [stdout] 
[INFO] [stdout] For more information about this error, try `rustc --explain E0433`.
[INFO] [stdout] 
[INFO] [stderr] error: could not compile `roslibrust` (example "ros1_ros2_bridge_example") due to 3 previous errors
[INFO] [stdout] error[E0433]: failed to resolve: use of undeclared crate or module `std_msgs`
[INFO] [stdout]   --> roslibrust/examples/subscribe_and_log.rs:20:33
[INFO] [stdout]    |
[INFO] [stdout] 20 |     let rx = client.subscribe::<std_msgs::Header>("talker").await?;
[INFO] [stdout]    |                                 ^^^^^^^^ use of undeclared crate or module `std_msgs`
[INFO] [stdout] 
[INFO] [stdout] 
[INFO] [stdout] error: aborting due to previous error
[INFO] [stdout] 
[INFO] [stdout] 
[INFO] [stdout] For more information about this error, try `rustc --explain E0433`.
[INFO] [stdout] 
[INFO] [stderr] error: could not compile `roslibrust` (example "subscribe_and_log") due to 2 previous errors
[INFO] [stdout] error[E0433]: failed to resolve: use of undeclared crate or module `std_srvs`
[INFO] [stdout]  --> roslibrust/examples/service_server.rs:7:14
[INFO] [stdout]   |
[INFO] [stdout] 7 |     request: std_srvs::SetBoolRequest,
[INFO] [stdout]   |              ^^^^^^^^ use of undeclared crate or module `std_srvs`
[INFO] [stdout] 
[INFO] [stdout] 
[INFO] [stdout] error[E0433]: failed to resolve: use of undeclared crate or module `std_srvs`
[INFO] [stdout]  --> roslibrust/examples/service_server.rs:8:13
[INFO] [stdout]   |
[INFO] [stdout] 8 | ) -> Result<std_srvs::SetBoolResponse, Box<dyn std::error::Error + Send + Sync>> {
[INFO] [stdout]   |             ^^^^^^^^ use of undeclared crate or module `std_srvs`
[INFO] [stdout] 
[INFO] [stdout] 
[INFO] [stdout] error[E0433]: failed to resolve: use of undeclared crate or module `std_srvs`
[INFO] [stdout]   --> roslibrust/examples/service_server.rs:10:8
[INFO] [stdout]    |
[INFO] [stdout] 10 |     Ok(std_srvs::SetBoolResponse {
[INFO] [stdout]    |        ^^^^^^^^ use of undeclared crate or module `std_srvs`
[INFO] [stdout] 
[INFO] [stdout] 
[INFO] [stdout] error[E0433]: failed to resolve: use of undeclared crate or module `std_srvs`
[INFO] [stdout]   --> roslibrust/examples/service_server.rs:42:30
[INFO] [stdout]    |
[INFO] [stdout] 42 |         .advertise_service::<std_srvs::SetBool>("/my_set_bool", my_service)
[INFO] [stdout]    |                              ^^^^^^^^ use of undeclared crate or module `std_srvs`
[INFO] [stdout] 
[INFO] [stdout] 
[INFO] [stdout] error: aborting due to 4 previous errors
[INFO] [stdout] 
[INFO] [stdout] 
[INFO] [stdout] For more information about this error, try `rustc --explain E0433`.
[INFO] [stdout] 
[INFO] [stderr] error: could not compile `roslibrust` (example "service_server") due to 5 previous errors
[INFO] running `Command { std: "docker" "inspect" "dd4560fdf22081bdf420339222d4c76a6c49cc09a7923cbd661ac1d726fa152d", kill_on_drop: false }`
[INFO] running `Command { std: "docker" "rm" "-f" "dd4560fdf22081bdf420339222d4c76a6c49cc09a7923cbd661ac1d726fa152d", kill_on_drop: false }`
[INFO] [stdout] dd4560fdf22081bdf420339222d4c76a6c49cc09a7923cbd661ac1d726fa152d
